{"id":4,"date":"2022-01-03T16:56:53","date_gmt":"2022-01-03T16:56:53","guid":{"rendered":"https:\/\/ritterhuder-ac.de\/?page_id=4"},"modified":"2026-02-20T10:11:14","modified_gmt":"2026-02-20T10:11:14","slug":"willkommen-auf-https-ritterhuder-ac-de","status":"publish","type":"page","link":"https:\/\/ritterhuder-ac.de\/","title":{"rendered":"Willkommen beim RAC !"},"content":{"rendered":"\n<p>Liebe Motorsportfreunde,<\/p>\n\n\n\n<p><\/p>\n\n\n\n<p>wir haben uns den 21.06.2026 beim ADAC f\u00fcr unseren 16. Hammeslalom und 21. K\u00fcstenslalom gesichert und sind jetzt in die Organisation eingestiegen. Sollten alle Beh\u00f6rden mitspielen freuen wir uns wieder auf ein spannendes Starterfeld.<\/p>\n\n\n\n<p><\/p>\n\n\n\n<p>F\u00fcr die Durchf\u00fchrung suchen wir wieder flei\u00dfige Helfer als Posten. F\u00fcr Verpflegung ist gesorgt.<\/p>\n\n\n\n<p><\/p>\n\n\n\n<p><\/p>\n\n\n\n<p><\/p>\n\n\n\n<p><\/p>\n\n\n\n<p><\/p>\n\n\n\n<p><\/p>\n\n\n\n<p><\/p>\n\n\n\n<p><\/p>\n\n\n\n<p><\/p>\n\n\n\n<p><\/p>\n\n\n\n<p><\/p>\n\n\n\n<p><\/p>\n\n\n\n<p><\/p>\n\n\n\n<p><\/p>\n\n\n<div class=\"wp-block-image\">\n<figure class=\"aligncenter size-full\"><img loading=\"lazy\" decoding=\"async\" width=\"512\" height=\"512\" src=\"https:\/\/ritterhuder-ac.de\/wp-content\/uploads\/2022\/01\/bmw.jpg\" alt=\"\" class=\"wp-image-43\" srcset=\"https:\/\/ritterhuder-ac.de\/wp-content\/uploads\/2022\/01\/bmw.jpg 512w, https:\/\/ritterhuder-ac.de\/wp-content\/uploads\/2022\/01\/bmw-300x300.jpg 300w, https:\/\/ritterhuder-ac.de\/wp-content\/uploads\/2022\/01\/bmw-150x150.jpg 150w\" sizes=\"auto, (max-width: 512px) 100vw, 512px\" \/><figcaption class=\"wp-element-caption\">(c) RAC \/ <\/figcaption><\/figure>\n<\/div>\n\n\n<p>Wir w\u00fcnschen eine erfolgreiche Saison!<\/p>\n\n\n\n<p><strong>Ritterhuder Automobil Club<\/strong><\/p>\n\n\n\n<p><\/p>\n","protected":false},"excerpt":{"rendered":"<p>Liebe Motorsportfreunde, wir haben uns den 21.06.2026 beim ADAC f\u00fcr unseren 16. Hammeslalom und 21. K\u00fcstenslalom gesichert und sind jetzt in die Organisation eingestiegen. Sollten alle Beh\u00f6rden mitspielen freuen wir [&hellip;]<\/p>\n","protected":false},"author":1,"featured_media":0,"parent":0,"menu_order":0,"comment_status":"closed","ping_status":"open","template":"","meta":{"footnotes":""},"class_list":["post-4","page","type-page","status-publish","hentry"],"_links":{"self":[{"href":"https:\/\/ritterhuder-ac.de\/index.php?rest_route=\/wp\/v2\/pages\/4","targetHints":{"allow":["GET"]}}],"collection":[{"href":"https:\/\/ritterhuder-ac.de\/index.php?rest_route=\/wp\/v2\/pages"}],"about":[{"href":"https:\/\/ritterhuder-ac.de\/index.php?rest_route=\/wp\/v2\/types\/page"}],"author":[{"embeddable":true,"href":"https:\/\/ritterhuder-ac.de\/index.php?rest_route=\/wp\/v2\/users\/1"}],"replies":[{"embeddable":true,"href":"https:\/\/ritterhuder-ac.de\/index.php?rest_route=%2Fwp%2Fv2%2Fcomments&post=4"}],"version-history":[{"count":38,"href":"https:\/\/ritterhuder-ac.de\/index.php?rest_route=\/wp\/v2\/pages\/4\/revisions"}],"predecessor-version":[{"id":352,"href":"https:\/\/ritterhuder-ac.de\/index.php?rest_route=\/wp\/v2\/pages\/4\/revisions\/352"}],"wp:attachment":[{"href":"https:\/\/ritterhuder-ac.de\/index.php?rest_route=%2Fwp%2Fv2%2Fmedia&parent=4"}],"curies":[{"name":"wp","href":"https:\/\/api.w.org\/{rel}","templated":true}]}}